 the value of -5 + 1 + -1 - ((-10 - -45) + -62)?
22
What is -3 + (3 - 0) - ((-20 - -18) + 22)?
-20
4 - 9 - ((-33 - 0) + 2)
26
Evaluate -24 - -4 - (-22 - -4).
-2
Evaluate -15 + (-10 - (3 + -42)).
14
Evaluate 2 + (1 - -2) + -6 + 7 + -1.
5
Calculate (-2266 - -2253) + 6 + (-1 - -1 - 2).
-9
Calculate 25 + 21 + -49 + (16 - 3).
10
Calculate (-4 - (-4 + 3 - -4)) + 8.
1
Evaluate -7 + -4 + -15 + (13 - -16).
3
What is (-15 - 3) + 35 - 45?
-28
Calculate 13 - (7 + (-2 - (-3 + 10)) + 8).
7
-6 - -25 - 3 - (-8 - -10)
14
Calculate -41 + 42 + (-2 - -2).
1
Calculate (-1383 - -1367) + -1 + 54.
37
Calculate -20 - ((8 - 3) + 0 - (4 - -5)).
-16
Calculate -44 + -1 + -9 + 32.
-22
What is -20 + (6 - (22 + -6 + -16))?
-14
What is (24 - 7) + -3 + -4 + 12 + 0?
22
What is -29 + (4 - (-26 - -11))?
-10
What is the value of 5 + (21 - (6 + 11) - (0 - -22))?
-13
What is the value of 3 + (7 - 0) + (-4 - (-1 - 0))?
7
What is the value of 33 + (-27 - (14 - 23))?
15
Calculate 0 - 2 - (-23 + (33 - 23)).
11
8 + (-4 - (0 + 9)) - -15
10
-10 - ((28 - 49) + 32)
-21
What is the value of -7 + 9 + 4 + (-1 - -14)?
19
What is the value of 8 - ((2 - 8) + 3 - -12 - -10)?
-11
Evaluate (-10 - 0) + (-1 - (6 - 3)).
-14
Evaluate (7 - -4) + 4 - 23 - (0 + -8).
0
What is the value of (-42 - -57 - (-1 + 14)) + -12?
-10
Calculate -51 + 52 - (-15 + 2).
14
Calculate -45 - (-58 - (-6 - 15)).
-8
What is -51 - (12 + -59) - (0 - 40)?
36
Evaluate (19 - (14 - -6)) + -18.
-19
What is the value of 12 + -10 + -7 + 14?
9
5 - -7 - (-11 + 37 - 28)
14
Evaluate -3 + 16 + (-14 + 5 - 2).
2
What is -38 + 20 + (-19 - -14)?
-23
-10 - (-3 + -2 + 1) - 0 - -13
7
13 + -3 + 0 + (-98 - -57) + 4
-27
-12 + (32 - (3 + -14)) + (-2 - 0)
29
Calculate -6 + 0 + (-94 - -100).
0
4 - (24 - (13 - (6 - 10 - -9)))
-12
What is the value of -1 - -10 - (292 + -254)?
-29
What is the value of 17 - (-5 + 8) - 6?
8
Calculate 1 - (6 - 1 - 9) - (0 - -5).
0
What is the value of (4 - (1 + 10 - 4)) + 5 + -1?
1
Evaluate 8 + 17 + -20 + -8.
-3
What is the value of 8 + -15 - -9 - 0 - 7?
-5
Calculate 7 + -4 - 1 - (5 + 3).
-6
-33 + 20 + 31 + -8
10
Calculate 9 + -4 + (5 - 11 - -21) + -9.
11
Evaluate -49 + 7 + -3 + -10 + 26.
-29
Calculate 16 + -7 + -15 + 11.
5
(12 - 18 - 7) + 26
13
What is the value of -41 + (60 - (14 + -2))?
7
Calculate -3 - (2 + -11 - (7 - 4)) - -6.
15
What is (3 - -22) + -14 - 19?
-8
Calculate (6 - -5) + (18 - 15).
14
Evaluate (-5 - (3 + -7 + 4)) + 6 + -13.
-12
What is -30 + 22 + (9 - 3)?
-2
Calculate -1 + 11 + (167 - 189).
-12
Calculate 5 - (7 + 1 - -6).
-9
Evaluate 28 + (-22 - 1 - (-6 + -3)).
14
What is 13 + 2 + (-4 - -9 - 3)?
17
1 + -7 - (-3 - (15 - 3))
9
What is the value of 17 + (14 - 12) - 6?
13
Evaluate -14 - (-37 - -13 - -3 - 2).
9
What is (2 - 0) + -6 + (7 - (17 - 8))?
-6
-9 - -25 - (-8 - -20)
4
What is the value of (2 - (3 + -1)) + (2 - (-1 + 1))?
2
What is the value of 30 + -3 + (4 - 19)?
12
Calculate (4 - 1) + (-7 - -8).
4
What is (54 - 62) + (0 - 1)?
-9
Calculate (-6 - (-3 - 6) - 2) + 5.
6
What is the value of (2 - (-14 + 8)) + 5 + 0?
13
Calculate 38 + -28 - (-3 - (-4 - 1)).
8
-3 - (-37 - (-9 + -43))
-18
What is the value of 30 + -14 + -32 + 1 + 0?
-15
Calculate 17 - (44 - 8) - (0 - 7).
-12
Calculate 10 + -2 + (-3 + -13 - (-3 + -1)).
-4
What is 47 + -22 + -21 - (1 + -16)?
19
What is -10 - -18 - (5 - 1)?
4
Evaluate -10 + (-14 - -7) + 21.
4
What is -11 + (-3 - (-8 - -14 - 9))?
-11
What is the value of 11 + 3 - (-74 + 82)?
6
What is the value of -7 + 5 + (16 - 11)?
3
Calculate -11 + -11 + (-32 - -53).
-1
What is the value of (1 - (7 + -8)) + 8 + -28?
-18
What is -14 - (-45 + 23 + -6)?
14
What is -26 + (19 - (-3 - (-5 - 5)))?
-14
Calculate 0 + -14 + (8 - 19 - -17).
-8
-5 + -1 + 2 + (-3 - 2) + -1
-10
Evaluate -18 - (-1 + 2 + 2) - (20 + -20).
-21
What is the value of (-13 - 21 - -19) + -1?
-16
What is the value of 3 + 43 - (-9 + 35)?
20
8 - (-13 - (-51 + 7 + 7))
-16
What is 0 + 1 - (-68 + 62) - -4?
11
Calculate (1 + -1 - (-75 - -56)) + -6 + 1.
14
Evaluate 18 + -4 + 22 + -25.
11
Calculate -1 + 12 + 116 + -128.
-1
What is (-306 - -319) + (-5 - -5) + -1?
12
What is -38 - -34 - -14 - -15?
25
Evaluate -6 - -10 - -4 - (4 - -5).
-1
Calculate 4 + -2 + 18 + -9.
11
(-22 - 12 - -13) + 5
-16
What is 2 + -6 + 0 + (36 - 30)?
2
What is the value of 2 + -10 - (-84 + 84) - -24?
16
What is the value of (-6 + -7 - 19) + 14 + (-1 - 0)?
-19
Calculate (-32 - -35) + (-2 - 5) + -1 - 10.
-15
6 + (0 - -13 - 18)
1
What is (-23 - -29) + -6 + 1 + 2?
3
Calculate -43 - -53 - (-4 - -2) - (-2 + 1).
13
Evaluate 20 - (-3 - (-8 - -8) - -11).
12
What is the value of -17 + 0 - (-28 - (-7 + 12 + -26))?
-10
2 + 1 + (-12 + 5 - -3) + 16
15
What is the value of -2 + -4 + 9 - (7 - -9)?
-13
Evaluate (-5 - 2) + (52 - 37).
8
-1 + 3 + -2 - (18 + -23)
5
What is -4 - (-12 + (-10 - 1 - -10))?
9
What is (-19 - -25 - 6) + -12 + 0 + 1?
-11
34 + 7 + -18 - (1 - (3 - -2))
27
Calculate (-5 - -2) + -6 + (-6 - -15 - 7).
-7
What is the value of 5 - (1 + -1 + 9) - (2 - 6)?
0
Evaluate (-2 - (-10 + 7)) + 0 - -6 - 6.
1
What is the value of -17 + 33 + -11 + 10?
15
Evaluate 1 - (-9 - ((-7 - (-3 + 3)) + 7)).
10
What is 26 - (-32 + 76 + -8)?
-10
(19 - 1) + (-114 - (71 + -148))
-19
-19 + 44 + -27 + 0 + 8
6
18 - (70 + -12) - (-12 + -6)
-22
What is the value of 30 - (-8 - (12 + -34) - 7)?
23
What is the value of -6 - ((-3 - -11) + -32 - (1 + -6))?
13
What is the value of -3 - (-5 + 29 - (-38 - -42))?
-23
Evaluate (-3 - (5 + 3)) + (-1 - -2).
-10
What is the value of -108 - -126 - (-1 - -6)?
13
What is 0 - 11 - (25 + -53)?
17
What is (5 - -7 - 6) + -14 - (4 + 0)?
-12
Calculate (1 - 9) + (-32 - -24 - -40).
24
Calculate (-26 - 19) + 16 + 9.
-20
Calculate 6 + (1 - 0) + (-35 - -9) + -13.
-32
31 + 6 + -21 - (-4 + 11)
9
Evaluate (-1 - -2) + (3 - 3) + 2545 + -2564.
-18
(7 - 14) + 4 + (0 - 8) + 2
-9
(1 + 10 + -15 - (3 - 2)) + -7
-12
Calculate 3 + (12 - 1) + (113 - 119) - 15.
-7
What is 27 + (-41 - (21 - 20))?
-15
Evaluate -1 + -12 + (-105 - -105) - -17.
4
Calculate 2 - (3 - (10 - 6)) - (32 + 0).
-29
What is the value of 13 - 16 - 3 - (11 - 3)?
-14
Calculate -17 + 22 + (2 - (34 + (-10 - -9))).
-26
(-1 + 14 - 10) + 1
4
Evaluate (-2 - -15) + (-11 - (-4 + -2 + -1)).
9
Evaluate 6 + -31 - (13 + -26).
-12
Evaluate 3 + (-3 + 4 - (11 - 9)) - 14.
-12
1 + -9 - (-77 - -63)
6
What is 7 + ((2 - 2) + 4 - (19 + -14))?
6
What is the value of (-1 - (-47 - (-8 + 2))) + -3 + -8?
29
Evaluate (36 - 20) + 7 + -18.
5
What is the value of -2 + 3 + -3 + 5 + (-18 - -11)?
-4
(-13 - -6) + (-9 - (16 + -42))
10
What is the value of -4 - 3 - -3 - (2 + 0) - -11?
5
Calculate 9 - (-21 - -14 - -3).
13
Calculate -20 - ((30 - 26) + -10).
-14
Evaluate (2 - (4 - (-3 + 4))) + (-213 - -215).
1
-6 - ((-4 - -16) + -9 - 8)
-1
(-13 - (-10 + 8)) + 6 + 9
4
Evaluate -19 + -4 + 24 - (-3 + 4 - -3).
-3
Evaluate 7 + (17 - 10 - 10) - 0.
4
What is 30 + -28 - (2 + 1) - (-5 - -1)?
3
Evaluate (13 - -1 - (13 - 2)) + 6 - -26.
35
Calculate (1 - 8) + -5 + 1.
-11
(9 - (7 - 2) - 2) + -14
-12
Evaluate -9 - (13 + -10 + (-11 - -2) + 2).
-5
Evaluate (7 - 16) + (-6 - -8) + (-1 - 1).
-9
Calculate (2 - 11) + (-9 - 10 - -26) - 5.
-7
What is the value of (-13 - (-2 + 5)) + -4 - -9?
-11
Evaluate 4 - (0 - (2 + 0)) - (58 - 52).
0
Evaluate -32 - (0 - (2 + -7 - -17)).
-20
Evaluate -5 - (-30 + 43 + 2 + -3).
-17
Calculate 5 + (6 - 22) + 7 + -6.
-10
Calculate 1 - (0 - (-5 - 1 - -1)).
-4
14 + 19 - 26 - ((3 - -3) + -2)
3
-7 + 6 + -1 + -5 - -5 - -7
5
Evaluate 4 - (8 + -8 + -4) - (-1 + 23).
-14
What is -15 - (-50 + 30) - (18 - 1)?
-12
What is -9 + 16 + -2 + -3?
2
What is the value of -7 + -2 + 3 + (3 - -16) + -16?
-3
Calculate 0 + -16 + (-42 - -50) + 0 + -3.
-11
Evaluate 19 + -24 + (-1 - (-3 - 3)).
0
What is the value of (15 - -5) + -13 + 6 + 9?
22
What is the value of -13 + -4 + (-63 - -66)?
-14
Calculate 43 + -15 + (35 - 30).
33
Calculate 42 + -3 - (-11 - -38) - (-1 + -11).
24
Evaluate 4 - (-7 + -3 + 15) - (2 + -19).
16
-32 + (1 - -22) - -2
-7
What is (8 - (15 - 1)) + -2 - -3?
-5
Calculate (-7 - 0) + -136 + 135 + -1 + 35.
26
What is (-9 - -9 - 60) + 38?
-22
What is the value of 15 - 3 - 11 - -2?
3
What is 1 + -30 + 10 + 0 + 0?
-19
-36 - (-43 - (3 - 13))
-3
Calculate 1 + -14 - (-40 + 32).
-5
What is the value of -4 - 6 - -12 - -9?
11
Evaluate -19 + 20 + (-7 - -35) + -4.
25
Calculate 12 - (5 + (9